0*j. Determine b(j).
-2
Suppose 94 = 4*u + 26. Suppose u = 2*p + 7. Let s = 0 - p. Let r(g) = g**3 + 6*g**2 + 4*g. What is r(s)?
5
Let a(y) = y + 1. Let d(h) = -19*h**2 + 5*h + 6. Let l(q) = -5*a(q) + d(q). What is l(-1)?
-18
Let b(f) = 2*f**3 + 1760*f**2 - 6 - f**3 - 1764*f**2 - 4*f. Determine b(5).
-1
Let q(r) be the third derivative of -r**9/60480 + r**8/6720 + r**7/1260 + r**6/720 + r**5/20 - 3*r**2. Let b(m) be the third derivative of q(m). What is b(4)?
1
Let s(p) = 3*p**2 + 4*p - 1. Let o(u) = 4*u**2 + 5*u - 1. Let v(k) = 2*k**2 + k. Let y be v(-2). Let w(l) = y*o(l) - 7*s(l). Give w(-2).
9
Let m(y) = -3 + 7 + 6*y - 7*y. Let t = -6 - -3. Calculate m(t).
7
Let t(v) = v**3 + 2*v**2 - 2*v - 3. Let c be 1/(0 + -1)*-1. Let r(k) = -k**3 - k**2 - k + 1. Let o be r(c). What is t(o)?
1
Let q(v) = v**2 + 6*v + 2. Let a be 2/(0 - 2/(-3)). Suppose -3*j = -5*o - a, -2*o - 17 = 2*j + o. Determine q(j).
-6
Suppose -5*d = 2*n - 7*n - 20, 0 = 2*n - 5*d + 20. Suppose n = -2*g + g - 3. Let j(w) = w**3 + 2*w**2 - w + 3. Give j(g).
-3
Let k(d) be the third derivative of -d**4/12 - d**3/6 - d**2. Let z(n) = -n + 10. Let w = -11 - -19. Let f be z(w). Give k(f).
-5
Let k be (-1 - 1 - -1)*0. Let m(x) be the third derivative of -2*x**2 + 0 + 0*x**4 + 0*x + 1/60*x**5 + 7/6*x**3. What is m(k)?
7
Let v be (-2 + (5 - 3))/(-2). Let z(s) = v*s + s - 2 + 0. Determine z(-3).
-5
Suppose -3*j = j. Let d(s) = -7*s**3 - 5*s**2 - 7*s - 7. Let v(p) = -4*p**3 - 3*p**2 - 4*p - 4. Let l(a) = -3*d(a) + 5*v(a). Determine l(j).
1
Let l = 62 - 26. Suppose 0 = 5*n - n + l. Let g = n - -4. Let w(i) = -i**3 - 4*i**2 + 4*i + 6. What is w(g)?
11
Suppose 12 = 19*h - 15*h. Let a(y) be the second derivative of 0 - y + 1/3*y**h + y**2 + 1/12*y**4. Calculate a(-3).
5
Let q(h) = -15*h**2 + 1. Let v(d) = -d**3 - 4*d**2 - 8*d - 14. Let j be v(-3). Determine q(j).
-14
Suppose 2*z + 0 = 4. Let k(x) = 0 + 1 - 5*x**2 + 0*x**z. Give k(-1).
-4
Suppose -5*s + 7 + 2 = 3*f, -f = s - 1. Let d(q) = -6 + q + s + 5. Determine d(-2).
0
Let d(n) = -1 - 3*n**2 - 2*n + n**2 + n**2. Suppose -2*w - w = -9. Let h be (-1)/w*(5 - 2). Give d(h).
0
Let p(v) = -v**3 - 6*v**2 - 5*v + 2. Let z be (1 - 3 - 1) + -2. Calculate p(z).
2
Let v = 11 + -5. Let u be 1/(3/v) - -2. Let q(o) = -u - 5*o + o**3 + 2 + 2*o**2 + 0. Determine q(-3).
4
Let c(q) = -q**2 - q + 2. Let o(x) = x**2 + 5*x + 6. Let d be o(-3). What is c(d)?
2
Let v(n) = -n**2 + n. Let r(h) = -3*h**3 + 7*h**2 - 8*h + 1. Let y(i) = r(i) + 6*v(i). Let f = 2 - 5. Let p = f - -4. Calculate y(p).
-3
Let c(d) = 59*d - 112*d - 1 + 56*d. Suppose 0 = -5*u + u. Let n = u + -2. Determine c(n).
-7
Suppose 0*o = -5*o + 50. Suppose 5*c - o - 15 = 0. Let d(p) = -3 - p**2 - 1 - 2*p + c + 0. Calculate d(1).
-2
Let t(m) = -m**2. Let u be (-2)/(-6)*(14 - 2). What is t(u)?
-16
Let f(n) = -n**3 - 7*n**2 + 5. Let r be f(-7). Let w(p) = p**3 - 6*p**2 + 5*p - 3. What is w(r)?
-3
Let q be ((-2)/8)/((-3)/12). Let t(u) = q + 3*u + 3*u - 4*u - u + 2*u**2. Let m(h) = -h - 7. Let g be m(-6). Give t(g).
2
Let o(m) be the first derivative of -m**5/20 + 5*m**4/12 - 2*m**3/3 + 3*m**2 + 3*m + 3. Let y(u) be the first derivative of o(u). Determine y(4).
6
Suppose 9 = 4*b - 7. Suppose -3*j + 17 = 5*q, 0 = 2*q - b*j + 10 + 4. Let g(z) be the third derivative of -z**5/12 - 15*z**2. Calculate g(q).
-5
Let f(u) be the third derivative of 7*u**6/120 - u**5/30 + u**3/6 + 26*u**2. Determine f(-1).
-8
Let g(f) = -f**2 - 2 + 5*f + 6 - 2*f. Let y be (-66)/(-9) + (-2)/6. Let u = y + -3. What is g(u)?
0
Let d(r) = r. Suppose -1 = 2*m + 11. What is d(m)?
-6
Let r(p) = -p**3 + 6*p**2 - 5*p + 1. Suppose 35 = -2*s + 6*s + 3*y, -3*y + 30 = 3*s. Let l be r(s). Let v(a) = a**2 - 2*a. Calculate v(l).
-1
Let p = 93/2 + -46. Let j(q) be the third derivative of -p*q**3 + 0*q + 1/60*q**5 - 1/8*q**4 + 2*q**2 + 0. Calculate j(-2).
7
Let h(r) = 6*r + 3*r - 4 - 11*r. Let m = -11 + 6. Give h(m).
6
Suppose 3*u = 5*y + 37 - 16, 3*u - 2*y = 21. Let g(s) = s**3 - 8*s**2 + 8*s + 3. What is g(u)?
10
Suppose -20 = -0*t - 5*t. Let u(b) = 4*b - 6. Give u(t).
10
Suppose -o - 5*x - 23 = 0, 5*o + 5 = -x - 2*x. Suppose -4 = 5*g - o*s, g = -s - 5 - 0. Let l(k) = -3*k + 1. Determine l(g).
7
Let t(f) = f**3 + f**2 - 2*f + 1. Let r be (-1 - -1) + -3 + 5. Suppose 2*x - r = x. Give t(x).
9
Let d be -2 + 5 + 0/(-2). Suppose d*o - h = 3*h - 9, -4*h = 2*o + 6. Let z(s) be the third derivative of -s**6/120 - s**5/30 + s**3/2 + 44*s**2. Calculate z(o).
12
Suppose l + l = -2*l. Let u(n) = -n**3 + 4. What is u(l)?
4
Let t(v) be the third derivative of v**6/120 + 2*v**5/15 + 7*v**4/24 - 2*v**3/3 + 8*v**2. Calculate t(-7).
-4
Let l(m) = 5*m**2 + 2*m + 1. Let u(a) = a**2 - 6*a - 1. Let s = -13 - -19. Let f be u(s). Determine l(f).
4
Let h(y) be the third derivative of y**6/120 + y**4/24 + y**3/3 + 3*y**2. Let d = 9 + -9. What is h(d)?
2
Suppose 0 = -2*u - g + 6, u = 4*u - 5*g + 4. Let z(s) be the third derivative of -s**4/8 + s**3/2 - s**2. Give z(u).
-3
Let j be 3/(2 - (-11)/(-4)). Let s(g) be the first derivative of g**4/4 + 2*g**3/3 - 5*g**2/2 + 2*g - 8. What is s(j)?
-10
Let c(g) = g**3 - 3*g**2 - 2. Suppose -a + 4*a + 3*u + 18 = 0, -u + 2 = -3*a. Let p be a + 4 + (2 - 2). What is c(p)?
-6
Suppose 0*i = -2*u - 3*i - 18, 4 = -i. Let x(b) = -b + 3. Let f(a) = 4*a - 14. Let v(t) = u*f(t) - 14*x(t). What is v(-3)?
-6
Let w = 4 - 2. Let d be (-12)/7 - w/7. Let r = 3 + d. Let j(u) = -9*u**2 - u. Give j(r).
-10
Let v(g) = 8*g**2 + g + 1. Let a be (3/(-2))/((-9)/12). Suppose 5*f + 3*u = 2*f - 3, -5*f = -a*u + 5. Calculate v(f).
8
Let g(i) be the second derivative of i**3/6 + 5*i**2/2 - 2*i. Let o be g(-3). Let b be 2 - (2 - (3 - o)). Let z(r) = 4*r**2 + r. Determine z(b).
5
Let d(q) = -1 + 7*q + 0*q - 4*q - 5*q. Determine d(-3).
5
Let d(w) = w**2 + 2*w + 1. Let c(a) = 2*a**2 + 3*a + 1. Let r(l) = -6*c(l) + 13*d(l). What is r(-5)?
-8
Let n be (2/(-6))/((-2)/42). Suppose 2*g = -0*u + u + n, -5*u = 25. Let s(l) = -3*l + 1. Let c(z) = z. Let k(p) = -4*c(p) - s(p). Calculate k(g).
-2
Let k(b) be the first derivative of 0*b + 2 - 1/2*b**2. Let y = 200 - 196. What is k(y)?
-4
Let s be ((-2)/(-4))/((2 - -1)/(-24)). Let f(p) be the second derivative of -p**4/12 - p**3/2 + 2*p**2 - 2*p. What is f(s)?
0
Let p(y) = -y**3 + y**2 - y + 1. Let l be ((-4)/8)/((-3)/(-42)). Let k = -5 - l. What is p(k)?
-5
Let a = -6 + 8. Let p(d) = -8*d + 4*d - a + 6*d. Suppose -14 - 1 = -5*t. Determine p(t).
4
Let z = 13 - 9. Suppose m + 3*k = 8, z*m = -7*k + 2*k + 4. Let c(i) = 3*i + 2. What is c(m)?
-10
Let j(y) = 5*y - 1. Let v(f) = -f**3 - 4*f**2 + 7*f - 2. Let k be v(-5). Let l be -3*-2*2/k. What is j(l)?
-6
Let j = 3 + 1. Let w = j - 7. Let r(m) = 7*m**2 + 6*m + 4. Let b(d) = -15*d**2 - 13*d - 9. Let i(o) = -6*b(o) - 13*r(o). Give i(w).
-7
Let h(i) be the second derivative of i**5/20 + i**4/2 - i**3/3 - 4*i**2 - i. Let u be h(-6). Let t(c) = 2 + 3*c - c - u. Give t(5).
8
Let a(f) = -f**3 + 7*f**2 - f + 6. Let c be (-7)/(-2)*(2 + (3 - 3)). Give a(c).
-1
Let q(d) = d**2 + 19 + 0*d**2 - 17. Let m(x) = -x**3 + 4*x**2 - x - 4. Let j be m(3). Give q(j).
6
Let j(c) = 0*c - 3 + 6*c - 4*c - c. Determine j(-5).
-8
Let s(o) = o**2 - 5*o - 5 + o**2 + 5 + 1. Calculate s(4).
13
Let n be (-6)/(-33) - (-114)/(-22). Let k(c) = c**3 + 6*c**2 + 4*c - 7. Give k(n).
-2
Let c(w) = 4*w**3 - 7*w - 5*w**3 + 7 + 6*w + 5*w**2. Give c(5).
2
Let m(q) = -q**2 - 5*q + 2. Suppose -85 = 5*l - 3*s, 4*s - 53 = 2*l - s. Let x = l + 10. What is m(x)?
6
Let c(q) = 4*q - 3. Let j be c(2). Let d(z) = z**3 - 5*z**2 - z - 1. Determine d(j).
-6
Suppose -5*k + 1 = 3*h, 2*h - 5 = 2*k + 1. Let y be 0/(-2 - -3) - -2. Let j(t) = 4*t + 0*t + 2 - 4 - 3*t**y. Calculate j(h).
-6
Let u = -21 - -16. Let o(h) = h**3 + 4*h**2 - 8*h - 7. Give o(u).
8
Let l be (-6)/(-8) - (-43)/(-4). Let b = 12 + l. Let z(r) = 1 - 3*r + 1 + r + r**2. Give z(b).
2
Let b(p) = 3*p - 1. Let g(o) = 12*o - 4. Let q(i) = 9*b(i) - 2*g(i). Let l be (-3 - (-1 - 0)) + 4. Suppose w + l = -0*w. What is q(w)?
-7
Let f(g) = 0*g - 4*g - 3 + 0*g. Let s be (-8)/(-12)*9/6. Let l be (s + 1)*(-9)/6. Give f(l).
9
Let q(s) = s**3 + 4*s**2 + 5*s + 2. Let b(a) = a. Let g be b(-7). Let v = -10 - g. Determine q(v).
-4
Let m(o) = o**2 - 7*o - 7. Let j be m(9). Let u(z) = z - 9. Let l 